-4)/5). Suppose a*d + 0*d - 155 = j, -4*j - 140 = -5*d. Calculate the remainder when d is divided by 12.
8
Suppose -2 = 4*j + 3*x + 1, 5*j = 5*x + 5. Suppose -4*q - 24 = -8*i + 4*i, -2*i - 5*q - 16 = j. Calculate the remainder when 10 is divided by (-1)/2 + 13/i.
4
Suppose 5*b - 19 - 1 = 0. Suppose 5*z = b*z + 12. Calculate the remainder when 22 is divided by z.
10
What is the remainder when 11 is divided by (3 - 3) + 18/3?
5
Let m = -5 + 7. Let l(b) = -b**2 + 6*b + 2. Let f be l(6). Calculate the remainder when m is divided by (-3)/6*(-8)/f.
0
Suppose 5 - 1 = 4*w. Let c(p) = 22*p**2 - p. What is the remainder when c(w) is divided by 11?
10
Suppose -3*j + 8 + 34 = 0. Calculate the remainder when 25 is divided by j.
11
Let z(h) = h. Suppose 0 = 5*t - 4*w - 216, -t + 3*w + 40 = -w. Suppose -3*y + 7 = -t. What is the remainder when y is divided by z(6)?
5
Suppose 5*y - a = 117, y - 19 = a - 3*a. What is the remainder when y is divided by 5?
3
Suppose 90 = 5*i - 15. Let j(a) = -6*a. Suppose 0 = 3*d - 2*d - 4*u + 2, -2*u = 3*d + 6. What is the remainder when i is divided by j(d)?
9
Suppose c - 11 = 3. Let w = 115 + -75. What is the remainder when w is divided by c?
12
Suppose -3*q + 17 = 2*d, 24 = 5*d + 3*q - 23. Suppose 5*l - 27 = b + 1, -5*b + d = 0. Suppose -2*h - 56 = -l*h. Calculate the remainder when 27 is divided by h.
13
Suppose r = 0, -4*r + 60 = 3*h + 2*h. Suppose -2*p = 2*n - 14, 5*p + 4*n - 22 = 13. Calculate the remainder when h is divided by p.
5
Suppose -64 = -5*g + 1. Calculate the remainder when (0 + 1)/(((-14)/50)/(-7)) is divided by g.
12
Let f(r) = 5*r - 14. Calculate the remainder when 44 is divided by f(6).
12
Let x be (-4)/(-18) + (-806)/(-18). Let h = 3 - -1. Suppose -h*r = -x - 67. What is the remainder when r is divided by 15?
13
What is the remainder when 3/(18/(-24)) - -140 is divided by 35?
31
Let i(w) be the second derivative of -13*w**3/6 + w**2 + 2*w. What is the remainder when i(-3) is divided by 14?
13
Let i be (-1)/(((-4)/(-7))/(-4)). What is the remainder when 1674/63 - 4/i is divided by 10?
6
Let k = -2 + 2. Let j(n) = 3*n - 5*n + 3*n**3 + 8 + n - 2*n**3. What is the remainder when 14 is divided by j(k)?
6
Suppose -3*c + 0*c - 4*p = -63, -5*c - 4*p + 113 = 0. Calculate the remainder when 122 is divided by c.
22
Suppose -g = -z - 8, 0*g = 3*g + 3*z - 36. What is the remainder when 17 is divided by g?
7
Let o(p) = p**2 - 15*p + 4. What is the remainder when o(16) is divided by 5 + 3 + 2 + -3?
6
Suppose -2*t + t + m + 5 = 0, -2*m - 6 = 0. Let d = -5 - t. Let s(u) = u**2 - 2. What is the remainder when s(d) is divided by 16?
15
Let v(s) = -11*s - 3. Suppose -36 = -p - p. Calculate the remainder when v(-5) is divided by p.
16
Suppose 2 = a - 4*r, 2*a + r + 9 = -4*r. Let k(o) = -3*o**3 - 3*o**2 - 2*o - 2. What is the remainder when 99/4 - (-1)/4 is divided by k(a)?
11
Suppose -32*y + 10*y = -220. Calculate the remainder when 99 is divided by y.
9
Suppose -5*r + 155 = 5*x, x - 3*r - 15 = -8*r. What is the remainder when x is divided by 9?
8
Let c = 19 + 21. Let m(g) = -2*g - 2. Let x = -20 - -12. What is the remainder when c is divided by m(x)?
12
Let w = -33 + 43. What is the remainder when 19 is divided by w?
9
Let i(j) = -j + 1. Let x be i(-1). Let v(z) = z**3 - 4*z**2 + 4*z - 3. Let s be v(x). Let g = s - -6. Calculate the remainder when g is divided by 2.
1
Let w = 53 - 45. Calculate the remainder when 15 is divided by w.
7
Suppose 0 = 2*t + 2*t. Suppose 3*b - 4 = -2*s - 0, t = b - 3*s + 6. Calculate the remainder when (1 + b)/(1/5) is divided by 2.
1
Let u(v) = 28*v. Calculate the remainder when 53 is divided by u(1).
25
Suppose 3*d = 4*u + 47, -5*u + 52 = 2*d - 10. What is the remainder when 39 is divided by d?
18
Calculate the remainder when 49 is divided by ((-24)/16)/(3/(-50)).
24
Suppose 5*b + 110 = -4*i, -2*i - 7 = 4*b + 51. Let c = i - -42. Suppose 5*w = -l + 74, -5*w + 75 = -3*l + c. What is the remainder when 40 is divided by w?
12
Let r(t) = -21*t + 20. Let x be r(-15). Suppose -a - 3*j = -79, -5*a + 2*j - 5*j = -x. Calculate the remainder when a is divided by 22.
20
Let a be (0 - -2)*2/1. Suppose a*n - 16 = 2*t + 3*t, -2*n = 3*t - 30. Calculate the remainder when 17 is divided by n.
8
Suppose 3*w = 5*n - 30, 5*w - 61 = -4*n - 0*w. Suppose -5*m + n = -2*m. Suppose -f = -4*f + m. Calculate the remainder when 2 is divided by f.
0
Let a(c) = -12*c - 1. Calculate the remainder when 19 is divided by a(-1).
8
Let l = 11 - 8. Suppose l*z = 37 - 1. Suppose -3*c - 35 = -4*c. What is the remainder when c is divided by z?
11
Let c = 4 - 5. What is the remainder when 16 is divided by ((-2)/6)/(c/27)?
7
Calculate the remainder when 13 is divided by 4/(-30) + 244/30.
5
Suppose 5*q = -40 - 20. Let g = 7 + -13. Let m = g - q. Calculate the remainder when m is divided by 4.
2
Suppose 2 + 3 = -5*h, 0 = p - 3*h - 29. Let l(b) = -b**3 - 6*b**2 + 3*b - 21. What is the remainder when p is divided by l(-7)?
5
Suppose 0 = -x - 3, 4*x = w + 2*x - 15. Suppose 5*o - 27 = -r, -3*o = -5*o + r + 8. Calculate the remainder when w is divided by o.
4
Suppose -3 - 41 = -4*r. Let q = r - 8. Suppose 5*t - 6 = -5*h + t, 3*t = -3*h + q. Calculate the remainder when h is divided by 1.
0
Suppose 0 = 5*x - 37 + 7. Calculate the remainder when 40 is divided by x.
4
Suppose 231 = 5*o + 76. Suppose -6*q + 8*q = 6. Suppose -q*c = 2*c - 85. What is the remainder when o is divided by c?
14
Suppose 8 = 2*d - 0*d. What is the remainder when (d - 16)*7/(-2) is divided by 15?
12
Suppose 0*u = -4*u - 364. Let a = 43 + -28. Calculate the remainder when (u + -1)/(-2) + -2 is divided by a.
14
Suppose -2*h + 19 = 3*y - 8*y, 3*h - 2*y - 12 = 0. Suppose h*f + 5 = f. Let d(r) = r**3 + 5*r**2 - 6*r - 6. What is the remainder when d(f) is divided by 13?
11
Let z = -166 - -189. Calculate the remainder when z is divided by 6.
5
Let p(l) = -3 + 2 + 4 - l. Calculate the remainder when p(-8) is divided by 4.
3
Let j(n) = -n**3 + 7*n**2 - 5*n - 3. Let z be (6/(-4))/(9/(-132)). Suppose -w - 4*w + z = 2*a, -4*w + 20 = a. Calculate the remainder when 7 is divided by j(w).
1
Let m(h) = -4*h - 2. Suppose 3*q = -d - 13, 0 = 4*q + 4*d - 3 + 15. What is the remainder when m(q) is divided by 10?
8
Let k = 5 + -8. Let d(f) = 3*f**2 - f - 3. Let n be d(k). Calculate the remainder when 34 is divided by (n/(-12))/(-3)*16.
10
Let n be (-2 + (2 - -2))*-1. Let j = 3 - n. Let s(x) = x**3 - 5*x**2 + 6*x - 3. What is the remainder when s(j) is divided by 14?
13
Let d = 53 - 34. Let j = d - 8. Suppose -3 = -2*b + 5*y + 39, y = 0. Calculate the remainder when b is divided by j.
10
Let t = 19 - 16. Calculate the remainder when 10 is divided by t.
1
Let f(j) = -j**2 + 11*j + 4. Let w = 24 + -14. Calculate the remainder when 54 is divided by f(w).
12
Let i = 64 + -44. What is the remainder when 37 is divided by i?
17
Let u(s) = 3*s**2 - 2*s - 7. Let q(k) = k**3 + 4*k**2 - 7*k - 3. Let v be q(-5). What is the remainder when u(v) is divided by 32?
30
Suppose -m = -10*m + 405. Calculate the remainder when m is divided by 16.
13
Let f = 7 - 5. Suppose -u + 5*u - 12 = 0, -4*u - 4 = -4*i. Suppose 20 = -2*x + 7*x, -2*s + 20 = i*x. Calculate the remainder when s is divided by f.
0
Calculate the remainder when 55 is divided by 15/1 - (-7 + -6 + 13).
10
Let k(q) = -q**2 - 11*q - 4. Calculate the remainder when k(-10) is divided by 2.
0
Let j be (106 - (2 + -2)) + -2. Suppose 3*p = -4*f + j, 3*f = -6*p + 2*p + 78. Calculate the remainder when f is divided by 14.
12
Calculate the remainder when (-55)/(2*-2*(-4)/(-16)) is divided by 0/(-1) - (-29)/1.
26
Let y(b) = b + 1. Let z be y(1). Let m(u) = u**3 - 21*u**2 - 21*u - 12. Calculate the remainder when z/4 + 74/4 is divided by m(22).
9
Suppose 130 = 11*p - 6*p. Calculate the remainder when 207 is divided by p.
25
Let h(q) = -q**3 - 6*q**2 + 7*q + 3. Calculate the remainder when 3 is divided by h(-7).
0
Suppose 60 = 4*q - 5*m, 10*m - 15*m - 10 = q. What is the remainder when 26 is divided by q?
6
Suppose 5*l = 25, 2*l = 3*o + 3 - 47. Calculate the remainder when 51 is divided by o.
15
Let w = 138 + -127. What is the remainder when 42 is divided by w?
9
Let j(d) = d**2 + 12*d + 2. What is the remainder when j(-13) is divided by 8?
7
Suppose 0 = -i + 19